 u(-83). Calculate the greatest common divisor of 458 and x.
229
Suppose 0 = -5*u - 2*y + 23, -21*u + 50 = -16*u + 5*y. Calculate the highest common divisor of u and 4919.
1
Let i(r) be the third derivative of r**5/6 - r**4/24 + 2*r**3/3 - 310*r**2. Let t be i(2). Calculate the greatest common factor of 224 and t.
14
Let j(o) = 2*o**2 - o - 10. Let r be j(-2). Suppose -3*h = f - 24, -2*f + 4*h - 9*h + 44 = r. Calculate the greatest common factor of f and 732.
12
Let m(g) = -g**3 + 4*g - 1. Let l be m(-3). Let v(d) = -d**3 - 195*d**2 + 1011*d - 13. Let a be v(5). Calculate the highest common factor of l and a.
14
Let a(y) = y**3 - 3*y**2 - 1. Suppose -i = -1 + 6, 0 = -2*j - 4*i + 60. Suppose -9*h = h - j. Let c be a(h). Calculate the highest common factor of c and 150.
15
Suppose -243 = -2*r + r - 4*j, -r + 5*j + 216 = 0. Suppose -3*m = 4*q - 0*q - r, 2*q - 109 = 5*m. What is the greatest common divisor of q and 3?
3
Let r(i) = i**3 - 56*i + 57. Let l be r(7). Let j = 15 - 3. Suppose 2*s - j = s. Calculate the highest common divisor of s and l.
4
Let j be 2/((-6936)/(-868) - 8). Let b = j + 744. Calculate the highest common factor of 31 and b.
31
Suppose 12*r = -19*r - 186. Let u(f) = -42*f - 22. Let j be u(r). Calculate the highest common divisor of j and 92.
46
Let o be (-4)/4*(6 - 48). Suppose -19*u + 224 + o = 0. Let h be 2804/u + -4 + (-6)/21. What is the highest common factor of 28 and h?
28
Let q(v) = 9*v + 104. Let i be q(-11). Suppose 5*t = 54 - 49, 5*t = -i*f + 140. What is the greatest common divisor of f and 3?
3
Let r(f) = 0 - f**3 + 11*f**2 - 26*f + 7*f**2 - 10 + 0 - 9. Let g be r(16). Calculate the highest common divisor of g and 21.
7
Let v(q) = q + 8. Let d be v(-6). Suppose 5*t - 270 = -5*y, 4*t + 171 = 3*y - 5. What is the greatest common factor of d and y?
2
Let s be (-12)/(-1)*((-3)/(-12) + 0) + 225. What is the greatest common divisor of 36 and s?
12
Let o be 1083/(-9)*-1 - 1/3. Suppose 156 = -3*c - o. Let p = c - -134. What is the highest common factor of 14 and p?
14
Let i be (15/(-12) - (0 + -2))/(99/8184). Calculate the highest common divisor of 4433 and i.
31
Suppose -932*h + 885*h + 5358 = 0. What is the highest common factor of 14782 and h?
38
Let i be (7/(-56) - (-146)/16)*9. Suppose 0 = 108*n - 489 - 3399. What is the greatest common divisor of n and i?
9
Let o = 2704 - 2424. Calculate the highest common factor of o and 1064.
56
Suppose 12 = 4*p - 2*p. Suppose 5*a - 6 = -p. Suppose -5*f - 28 = -a*j - 3*j, j - 8 = f. What is the highest common divisor of 3 and j?
3
Suppose -r = r. Suppose r = -k + 1. Let x(p) = 2*p**3 - 2*p**2 - 4*p + 5. Let q be x(1). Calculate the highest common divisor of k and q.
1
Let u(h) = -3*h + 69. Suppose 3*v - 4*x = 49, -7*x + 6 = 2*v - 3*x. Suppose -9*y + v*y = 38. Let p be u(y). What is the highest common divisor of 156 and p?
12
Let t = 28 - -202. Suppose -2*g + 5*z = 3*z - 94, t = 5*g - 4*z. Calculate the greatest common divisor of g and 14.
14
Let s = -53 - -60. Suppose 9*b - s*b + 6 = 0. Let i = b + 5. What is the greatest common divisor of 2 and i?
2
Let l = -2 + 2. Suppose -k + 2 = l, t - 62 = -0*t - 4*k. Let w = 2692045 - 2692042. Calculate the greatest common divisor of t and w.
3
Let m be (-3 + 5)*854/4. Let r = m + -405. What is the greatest common factor of r and 198?
22
Suppose -3*c = -l + 19 + 2, 4*l = 2*c + 34. Suppose 6 = -3*g - 2*i, -4*i + 8 = 2*g - l*g. Let y be 3/(-9)*78/g. What is the highest common factor of y and 104?
13
Let f(a) = 11*a**2 + 238*a - 1439. Let m be f(6). Calculate the highest common factor of 49 and m.
7
Let b = 150 + -100. Let n = -39 + b. Let j(t) = -t**3 + 12*t**2 - 10*t. Let z be j(n). What is the highest common factor of z and 121?
11
Let l = -37 - -39. Let d = 32 + -30. Suppose -7*i + 3*i = 4*m, d*m + i = l. Calculate the greatest common factor of 14 and m.
2
Suppose 12*b = -19*b + 50809. Let x be 0 + 5*(-55)/(-25). What is the greatest common factor of b and x?
11
Let f be (22/(-36) - (-47)/423)*2424/(-1). Calculate the greatest common divisor of 24 and f.
12
Let y = -2122 + 2252. Calculate the highest common factor of y and 290.
10
Let z = 4649 + -4066. Calculate the greatest common divisor of z and 1537.
53
Suppose 81*u - 16*u - 1261 - 7514 = 0. What is the greatest common factor of 555 and u?
15
Suppose 4*o - 294 - 170 = -4*g, o - 2*g - 128 = 0. What is the greatest common divisor of o and 525?
15
Let s(d) = 11*d + 32. Let z be s(11). What is the highest common divisor of z and 6426?
153
Suppose -13 = -3*r + 5*a + 18, 5*a + 19 = -3*r. Suppose 4*j = -20, 0 = -r*c + 2*j - 217 + 57. Let t = -20 - c. What is the highest common factor of t and 13?
13
Let h(q) = 90*q + 1716. Let x be h(-15). What is the greatest common factor of x and 15982?
122
Let v = 20 + -19. Let y be v + 1*(4 + -66). Let g = -25 - y. What is the greatest common factor of 18 and g?
18
Suppose 0 = 2*f - 5*j - 57, -4*f + 89*j + 141 = 88*j. What is the highest common factor of 1524 and f?
12
Let v(y) = 6*y**3 + y**2 - y + 1. Let j be v(1). Let w = -897 + 1016. Calculate the highest common factor of j and w.
7
Let y = 39 - 37. Suppose 8*p - 6*p - d - 35 = 0, y*d = 2*p - 38. Suppose 4*j - 5*j = -4, -j = 2*f - 8. What is the greatest common factor of p and f?
2
Let n(t) = 10 - 5*t**2 + 19*t - 2 - 41 + 4*t**2 - 19. Let d be n(15). What is the highest common factor of 64 and d?
8
Let c(p) = 4*p - 9. Let x(r) = -5*r + 8. Let y(t) = -7*c(t) - 6*x(t). Let v be y(-6). Calculate the highest common divisor of v and 48.
3
Suppose -4*w + 796 = -4*s, w - 204*s = -209*s + 181. What is the greatest common factor of 3234 and w?
98
Suppose 2 + 2 = 4*z, -5*w - z + 111 = 0. Suppose -q = -2*q + w. Calculate the greatest common factor of 2 and q.
2
Let v(m) = 106*m**2 - 92*m + 24. Let o be v(4). What is the highest common divisor of 40 and o?
8
Let w = -2997 + 5467. What is the highest common divisor of 2850 and w?
190
Let p(g) = -205*g - 209*g + 2 - 2*g**2 + 620*g - 203*g - g**3 - g**2. Let t be p(-4). Calculate the greatest common factor of 150 and t.
6
Let h = 97 - 94. Let j = -21 - h. Let r = 21 - j. What is the highest common factor of r and 30?
15
Suppose -649 = -4*y + i, 3*y + 19*i - 15*i - 482 = 0. Let d = 190 - y. What is the greatest common divisor of d and 252?
28
Suppose 2*p + 4 = 8. Suppose 18 = 4*f + y - 19, 0 = p*y - 10. Let z(w) = w**2 - 5*w + 12. Let m be z(f). What is the greatest common divisor of m and 12?
12
Let g(h) = -3*h**3 - 7*h**2 + h. Let n = 3 - 8. Let o be g(n). Let l = -31421 + 31436. Calculate the highest common divisor of l and o.
15
Let g = -1904 - -1918. Calculate the greatest common divisor of g and 938.
14
Suppose 20*y + 31*y + 2512 - 15007 = 0. Calculate the highest common divisor of 1155 and y.
35
Let f be 6 + 4*(-2 + 1). Let k(r) = r + 2. Let v(d) = -1. Let l(w) = 3*k(w) + 6*v(w). Let i be l(f). Calculate the highest common divisor of 48 and i.
6
Suppose 36855 = 7943*j - 7928*j. Calculate the highest common divisor of j and 91.
91
Let k(p) = p**2 - 15*p + 24. Let b be (-14 - -16)/((-2)/(-16)). Let i be k(b). Let o = 38 - 14. Calculate the greatest common factor of i and o.
8
Suppose 0 = 3*t + 13 - 34. Suppose -47 - t = -3*u. Let n(i) = 2*i**2 - 12*i + 28. Let q be n(5). Calculate the greatest common divisor of q and u.
18
Let f(r) be the second derivative of 23/12*r**4 - 1/6*r**3 + 0 + 0*r**2 - 19*r. Let h be f(-1). Calculate the highest common divisor of 8 and h.
8
Let u(r) = r**2 - 9*r + 12. Let o be u(9). Suppose -3*g + 2*h = 14 - 4, 4*g + 5*h = 2. Let n be 44/33*(-3)/g. What is the greatest common divisor of n and o?
2
Let r = 16 + -35. Let d be -1*(r - 2 - 0). Suppose 2907 = 607*s - 23765 - 75304. What is the greatest common divisor of d and s?
21
Let r(d) = d**3 + 17*d**2 + 17*d - 210. Let q be r(-14). Calculate the greatest common divisor of q and 665.
35
Suppose -44 = -4*t + 4*a, -4*t = -217*a + 221*a - 68. Calculate the highest common factor of t and 7294.
14
Let y be ((1 + 3)*14/(-8))/(135/(-3105)). Calculate the highest common divisor of y and 2576.
161
Suppose 9 = 5*j - 1, 2*v - 20 = -j. Suppose 6*g = v*g - 48. Calculate the highest common factor of g and 688.
16
Let p be (481 - -5) + 16 + 20. Calculate the greatest common factor of 306 and p.
